= 21 + -29. Let h = o - -11. What is the units digit of h?
3
Let h = 113 + 39. Suppose 0 = -4*m + m - l + h, m - 4*l - 29 = 0. What is the units digit of m?
9
Let y(p) = -p**3 - 10*p**2 + 7*p + 38. What is the units digit of y(-11)?
2
Let r(a) = -a**3 + 4*a + 3. Let f be r(-2). Suppose l - 2 = -4*y + f, y - 3*l = 11. Suppose -y*v + 5 = -3. What is the units digit of v?
4
Let k = 825 - 574. What is the units digit of k?
1
Let j = -1 + 3. Let i(q) = -4*q**j - 4 + 3*q**2 + 2 + 7*q. What is the tens digit of i(3)?
1
Let i = -330 + 592. What is the units digit of i?
2
Let o(m) be the second derivative of -2/3*m**3 - 2*m - 4*m**2 + 0. What is the units digit of o(-6)?
6
Let i(d) = -d**3 - d. Let o(z) = 3*z**3 - 8*z**2 + 12*z - 8. Let g = -4 + 5. Let j(r) = g*o(r) + 2*i(r). What is the tens digit of j(7)?
1
Suppose 4*d = -1 - 3. What is the units digit of 22 - d - (-5 - -5)?
3
Suppose -23 = 3*v - 2*x, v + x = 2*v + 8. Let j = v - -7. Suppose 2*d - 18 = -j. What is the units digit of d?
9
Let h(z) = 4*z**2 - z + 15. What is the units digit of h(4)?
5
Suppose -3*c - 4*a = -37, c + 4*a - 22 = -c. Let p = 11 + -6. Suppose -4*z + c + p = 0. What is the units digit of z?
5
Let s(d) = 2*d - 3. Let r be s(3). Let g(v) = 2*v**2 + 2*v + 3. What is the units digit of g(r)?
7
Suppose -5*h + 378 = -3*h + 4*b, 2*b = 3*h - 543. What is the hundreds digit of h?
1
Let z(g) = -g**3 + 23*g**2 - 19*g + 18. What is the tens digit of z(22)?
8
Suppose -2*k + 6*k + 3*f = -5, 2*f = -3*k - 3. What is the units digit of k/2 - 13/(-2)?
7
Let a be (-18)/(-4) + 1/2. Suppose -b + 2*h + 6 = 0, -18 = -b + 3*h - 4*h. Suppose -a*p = -4*c + b + 41, 4*p + 26 = 2*c. What is the tens digit of c?
1
Let y = 279 + -79. What is the tens digit of y?
0
Suppose 3*n = 5*z + 18, -2*n + 5*z + 2 = -15. Suppose 0 = 3*s + 6*t - 3*t, -5*s + 6 = -t. What is the units digit of 11 + n - (s + -3)?
4
Let w = -13 - -19. Suppose w*h - 3*p = h + 79, 5*h = -5*p + 55. What is the tens digit of h?
1
Let s = -4 + -1. Let h = 9 + s. Suppose h*b = -4, -6*b + 9 = 2*l - 3*b. What is the units digit of l?
6
Suppose 2*v + 9 = -3*g, 6*v = v - 2*g - 6. Suppose 4*q + i = -3, 3*q + 2*i + 1 = -v. What is the units digit of (-7 - q)/((-6)/3)?
3
What is the hundreds digit of (20/30)/(2/474)?
1
Suppose -w - w + 5*u + 355 = 0, -2*w + u = -335. What is the hundreds digit of w?
1
Let p be 2/(-10) + 71/5. Let a = 21 - p. What is the units digit of a?
7
Suppose -g + 10 + 1 = 0. Let i(w) = w**2 - 11*w + 3. What is the units digit of i(g)?
3
Let s be (9/(-6))/3*6. Let h = 0 + s. Let u = 3 - h. What is the units digit of u?
6
Let q(d) = -d**3 + 9*d**2 - 3*d. Let w be q(9). Let s = 45 + w. What is the units digit of s?
8
Let c(j) be the second derivative of 2*j**3/3 - 5*j**2 + j. What is the units digit of c(7)?
8
Suppose 9*n = 4*n + 630. What is the units digit of n?
6
Let z = 138 - 96. What is the tens digit of z?
4
Suppose -3*k + 14 = -k - 2*u, 3*k = -4*u - 14. What is the units digit of (-2)/(k/(-2*2))?
4
Let u = 25 + -12. Suppose 3*x + 9 + u = t, 3*t - 18 = -3*x. What is the tens digit of t?
1
Let k(r) = -r**3 + 4*r**2 - 2*r + 2. Let c be k(2). Let y = c - -6. What is the units digit of y?
2
Suppose -142 - 146 = -4*m. Suppose -3*h - 3*o = -m, 0 = -5*h + 2*h - o + 74. What is the units digit of h?
5
Let v(w) = -w**3 + 6*w**2 + 3. Let b be v(6). What is the units digit of (1 - b)/((-2)/4)?
4
Let q(l) = l**2 - 9*l - 4. Let a(w) = 2*w**2 - 18*w - 8. Let h(z) = -3*a(z) + 5*q(z). What is the units digit of h(9)?
4
Let d be 15/(-2)*16/(-20). Let p = -4 + d. What is the units digit of p?
2
What is the units digit of 57 + -4 + 6 + -4?
5
Suppose -4*o + 94 + 10 = -5*z, -64 = -4*o - 5*z. Suppose 2*p + 3*p - o = -i, 5*i + 11 = 4*p. What is the units digit of p?
4
Let s be 9/(-12) - 46/(-8). Let r = -3 + s. What is the units digit of (12/(-3))/(-2)*r?
4
Suppose -5*u - 5*f = -395, -3*f = -u + f + 89. What is the units digit of u?
1
Suppose 0 = -2*z + 4*a + 58, 2*a + 5 + 148 = 5*z. Let x = z + -21. Suppose 4*j - 3*j = s - x, 4*j = -2*s + 26. What is the units digit of s?
1
Let z(k) = -k**3 + 6*k**2 - 5*k + 3. What is the tens digit of z(3)?
1
Suppose 8*a - 276 = 484. What is the tens digit of a?
9
Let v(x) be the second derivative of x**4/2 + x. Suppose -q + 0 = 1. What is the units digit of v(q)?
6
Suppose 6 = 4*z + 2, 5*k + 1 = z. Suppose k*b = b - 14. What is the tens digit of b?
1
Let p = 17 + -12. What is the units digit of (-40)/12*(-12)/p?
8
Suppose l = 2 - 0. Suppose -3*f = 2*f - 25, -l*k + 3 = -f. What is the units digit of k?
4
Suppose -20*g = -27*g + 2681. What is the units digit of g?
3
Suppose 4*g - 5 = 3*v, 3*v = -3*g - 0*g + 30. Suppose -5*j + 11 = -h + 30, v*h = j + 23. Suppose -10 = -y - h*y. What is the units digit of y?
2
Suppose -5*d + 6 + 54 = 0. Suppose w = -i - i + 10, -5*i + 4*w = -d. What is the units digit of 18/i*12/6?
9
Suppose 2*p - 2 = 52. Let s = p + -14. What is the tens digit of s?
1
Suppose -u + 2 = h - 5*h, -5*u + 10 = 5*h. What is the units digit of 3 - u/(1 - -1)?
2
Suppose -3*i + 2*i + 4*x = 0, -2*x = -3*i. Suppose i = -5*y - 5*c - 2 + 17, -5*c = -y + 21. What is the units digit of y?
6
Suppose -j + 114 = 3*q + 4*j, -4*q + 3*j = -123. What is the units digit of q?
3
Suppose -3*u + 12 = 0, p - 2*u - 302 = -p. Suppose -3*q = 2*f - 163, -3*q = -f - f - p. What is the tens digit of q?
5
Suppose -5*x + 2*d = -120, 3*x + d - 140 + 57 = 0. What is the tens digit of x?
2
Let r be (0/(-1) - -1)*18. Suppose r = 5*u - 2. Let t = u - -1. What is the units digit of t?
5
Suppose 0 = -5*o + 5*y - 70, 4*o = -3*y + 2*y - 31. Let w be (-1*5 - -2) + 1. Let f = w - o. What is the units digit of f?
7
Suppose 0 = 4*n - 7 - 1. Suppose -n*r + 1 = -23. What is the tens digit of r?
1
Let m be (-3)/(6/2) - -8. Let s(u) = 7*u**2 + 1 + m*u - 7*u. What is the units digit of s(-1)?
8
Let q(t) be the third derivative of -t**6/120 + 3*t**5/20 - t**4/3 + 5*t**3/6 + t**2. Let y be q(8). Suppose 2 = -u + y. What is the units digit of u?
3
Let l(h) = -h**2 - h + 27. What is the tens digit of l(0)?
2
Let o = 37 + -6. What is the units digit of o?
1
Suppose 0 = -4*h + 6*h. Suppose 0 = -a + 5*b - 2, h*a - 5*b - 1 = -2*a. Suppose -l + a = -1. What is the units digit of l?
4
Let n be (-393)/(-5) + 8/20. Suppose -o + 22 = 4*a - 19, 2*o + 5*a - n = 0. What is the tens digit of o?
3
Let f = 10 + -20. Let x(n) = n**2 + 7*n - 2. What is the tens digit of x(f)?
2
Let s(n) = -2*n + 3 - n**2 + 2*n - 11*n. Let g be s(-11). Suppose g*u + u - 8 = -2*m, 25 = -5*u. What is the tens digit of m?
1
Let f(c) = c**2 - 5*c - 3. Let h be 14/(-6) - (-5)/15. Let s be h/(((-2)/(-6))/(-1)). What is the units digit of f(s)?
3
Suppose -14*z + 7 = -7. What is the units digit of z?
1
Let y(a) = a**2 - 6*a - 10. Let u be y(7). Let z = u - -5. What is the units digit of z/(-8) + (-37)/(-4)?
9
Let r = 8 + -5. Suppose 2*l - 10 = -r*l. What is the units digit of ((-5)/3)/(l/(-6))?
5
Let a(k) = -k - 8. Let d(x) = 1. Let b(g) = a(g) - 2*d(g). What is the units digit of b(-13)?
3
Suppose 88 = -x + 5*x. Let o = -2 - -2. Suppose 2*h = -o*h - 4*a + x, 0 = 3*h + 5*a - 32. What is the units digit of h?
9
Suppose -d - b - b + 272 = 0, 2*b + 1118 = 4*d. What is the units digit of d?
8
Suppose -j + 4*s + 18 - 7 = 0, 2*j + 4*s + 2 = 0. Suppose -3*o + j*k + 156 = 0, 3*o + 0*k - 128 = -4*k. Let u = -33 + o. What is the tens digit of u?
1
Let a(l) = -l**3 - 5*l**2 - 3*l + 4. Let g be a(-4). Let y = 4 - 4. Suppose g*x + 4*x - 48 = y. What is the tens digit of x?
1
Let n(p) = 8*p + 9. Let c(t) = 7*t + 8. Let j(f) = 7*c(f) - 6*n(f). Suppose -i + 5*i - 20 = 0. What is the units digit of j(i)?
7
Let m(l) = -l**3 + 2*l**2 - l**2 - 8*l**2 - 8*l - 6. Let o = 1 - 7. What is the units digit of m(o)?
6
Let v be 1/2 + 9/6. Suppose 0 = 2*r - 3*y - 47, 4*y + 36 = v*r - r. What is the tens digit of r?
1
What is the tens digit of (-142)/(-8) + (-8)/(-32)?
1
Let r(s) = 26*s**2 - 1. Suppose 3*l + 12 = 3*f, 0 = 4*f - l + 4*l + 5. What is the units digit of r(f)?
5
Suppose 4*g + 0*g = -2*z, -4*g + 3*z = 0. Suppose g*p - p = 8. Let x = p - -13. What is the units digit of x?
5
Let k(r) be the third derivative of r**5/60 + r**4/24 + r**3/6 - r**2. Let y(s) = s**2 - 4*s. Let o be y(4). What is the units digit of k(o)